6)/(1*-2). Let d = -3370 + y. What are the prime factors of d?
43
Suppose -4*x = 3*o + 35 - 11, 0 = -2*o + 4*x + 4. Let p(n) = -n**2 - 5*n - 3. Let v be p(o). What are the prime factors of 228/v + (2 - 1)?
229
Let g(d) = 2*d**3 + 134*d**2 + 178*d + 343. What are the prime factors of g(-59)?
3, 43, 353
What are the prime factors of ((-3110)/(-7))/(53/371)?
2, 5, 311
Let u be (-630)/(-81) - 6/(-27). What are the prime factors of (-1466)/(u - (8 + 2))?
733
What are the prime factors of ((-2)/(-4))/(952602/(-119076) + 8)?
9923
Let u(x) = x**2 - 10*x + 32. Let t be u(5). Let n be 20/5 + -6 + t. Suppose -5*h - n = -s + 4, 0 = h - 2. What are the prime factors of s?
19
Suppose -5*y = -q + 31, q - 6*q = -y - 179. Suppose -4*a = -0*a - q. What are the prime factors of 2330/15 - 3/a?
5, 31
Let k be 6/15*110/44. Let c = 975 + k. List the prime factors of c.
2, 61
Suppose 7*u - 44 = -4*u. List the prime factors of -5 - (u + -2*145).
281
Let d(n) be the second derivative of 5*n**4/12 - 3*n**2 + 25*n. Let v be 4/(-3)*(1 + 2). What are the prime factors of d(v)?
2, 37
Let v(c) = -12 - 42*c**3 + 136*c**3 - 36*c**3 + 9*c - 49*c**3 + c**2. What are the prime factors of v(5)?
7, 13
Suppose -22*k = -25234 - 167503 - 43719. List the prime factors of k.
2, 2687
Let m(z) = -997*z - 3. What are the prime factors of m(-2)?
11, 181
Let i(x) = 16*x**2 + 65*x + 659. List the prime factors of i(-43).
2, 47, 73
Suppose -5*l + 0*l = 9*l. Suppose l = -4*z + 2*w + 1512, -3*w - 1512 = -2*z - 2*z. What are the prime factors of z?
2, 3, 7
List the prime factors of (-31842)/(-63) + 6/(-14).
5, 101
Suppose 0 = -319*v - 312*v + 628*v + 4587. What are the prime factors of v?
11, 139
Suppose -6 = -3*i, 6684 = -3*p + 4*p + 5*i. List the prime factors of p.
2, 47, 71
Let k be 3*(-2 + 0)*126/(-4). Suppose -14*t + 17*t - k = 0. What are the prime factors of t?
3, 7
Let x(a) = -31*a - 3. Let m be x(-6). Suppose -142*c - 248 + 816 = 0. Suppose c*j = 3*d - 549, 0*j - 2*j - m = -d. What are the prime factors of d?
3, 61
Let p(i) = 205*i**2 + 9*i + 6. List the prime factors of p(-5).
2, 2543
Suppose -98172 = -20*s - 7*s. Suppose s = 2*n + 1336. List the prime factors of n.
2, 5, 23
List the prime factors of 9 + 1 - (-9 + (-6 - 23458)).
23, 1021
Suppose -253*v + 242*v = -55. Suppose -4*l - 3*f = -0*l - 1479, 2*l - v*f - 733 = 0. List the prime factors of l.
3, 41
Let q = 2454 + -1725. List the prime factors of q.
3
Let a = 8503 + 25906. What are the prime factors of a?
19, 1811
Suppose -3*p - 3*w + 26184 = 0, -52*p + w = -48*p - 34897. List the prime factors of p.
5, 349
Suppose -4314*i - 196574 = -4328*i. What are the prime factors of i?
19, 739
Let v(z) = 1301*z - 138. List the prime factors of v(5).
6367
Let v(k) = -66 - 22*k + 36 + 27. Let i be -1 - (3 + -1 + -2). What are the prime factors of v(i)?
19
Let r be -2 + (-68)/(-24) - (-3)/18. Let z(h) = 16*h - 12 - 9 + r + 36. What are the prime factors of z(6)?
2, 7
Suppose 2357 = 29*g - 369. What are the prime factors of g?
2, 47
Let a(z) = 11*z**2 - 14*z + 13. Let r be a(-6). Suppose 0 = -v - 3*p + r, -3*p - 92 - 377 = -v. List the prime factors of v.
13, 37
Let x = 16 - 16. Suppose 13*j + 20 = 18*j. Suppose j*h + 5*h - 738 = x. List the prime factors of h.
2, 41
Let l = -10966 + 19976. What are the prime factors of l?
2, 5, 17, 53
Suppose 119*k - 2302335 = -48*k + 35999. List the prime factors of k.
2, 7001
Let j(h) = 7078*h - 632. What are the prime factors of j(2)?
2, 3, 7, 23
Let o(g) = -14609*g**3 + 69*g**2 + 66*g - 3. List the prime factors of o(-1).
7, 2087
Let a(t) = 30*t + 10. Let j(d) = -2*d + 1. Let f(v) = -a(v) - 4*j(v). What are the prime factors of f(-20)?
2, 3, 71
Suppose -3*n + 11*c + 213995 = 0, -n + 71345 = -108*c + 111*c. What are the prime factors of n?
71339
Let j = 11849 + 3932. List the prime factors of j.
43, 367
What are the prime factors of 5709*1/(-6)*-6?
3, 11, 173
Let d = 112100 + -50358. List the prime factors of d.
2, 30871
Let x be (10/(-25))/(3 + 16/(-5)). Suppose 59 = 3*i - 46. Let u = i - x. List the prime factors of u.
3, 11
Let k(p) = 1267*p**2 - 17*p - 1. List the prime factors of k(3).
11351
Suppose -11*i + 22*i + 16*i - 9531 = 0. Let u = -175 + 314. Let x = i - u. What are the prime factors of x?
2, 107
Let l = 55 + -86. Suppose w = -j + 3, 5*w - 15 = -3*j + 2. List the prime factors of j - -1 - -1 - (l - -11).
3, 7
Let i(f) = -430*f**2 - 21*f - 9. Let q(v) = 143*v**2 + 8*v + 3. Let k(p) = -4*i(p) - 11*q(p). Let u(b) = -b - 4. Let l be u(-5). List the prime factors of k(l).
2, 73
Suppose 3*v = -2*a - 740 - 1135, 0 = -4*v + 5*a - 2500. Let d = v + 893. List the prime factors of d.
2, 67
List the prime factors of ((-4059)/246)/((45/(-492))/5).
2, 11, 41
Suppose 0*q - 254425 = -68*q + 706007. What are the prime factors of q?
2, 3, 11, 107
What are the prime factors of 10 + 174/(-15)*(-1670 + -30)?
2, 5, 1973
Suppose -30*f + 72995 = -309685. List the prime factors of f.
2, 3, 1063
Suppose -246*g + 38038 = 2*a - 248*g, -5*a + 95119 = g. What are the prime factors of a?
3, 17, 373
Let s(n) = n**2 + 6*n - 2. Let m be s(-6). Suppose -2*f - 29 = 3*d, -2*d + 5*f - 14 = -1. What are the prime factors of 104/6*d/m?
2, 3, 13
Let g(j) = -122*j + 31*j + 49*j - 155*j + 6. List the prime factors of g(-2).
2, 5
Let w(z) = -5*z + 35. Let f(q) = -5*q + 36. Let x(m) = 3*f(m) - 2*w(m). Let o be x(-14). What are the prime factors of (-363)/(-4) - (-27)/o?
7, 13
Let z = -2636 + 6690. List the prime factors of z.
2, 2027
Suppose 0 = -42*v - 55*v + 110*v - 441337. What are the prime factors of v?
17, 1997
Suppose 3*z + 95 = 98. Let f(w) = 51*w**3 + w**2 - 1. Let n(l) = -l**3 - l + 1. Let a(m) = f(m) + 2*n(m). List the prime factors of a(z).
7
Suppose 222*x - 193*x - 442308 = 0. List the prime factors of x.
2, 3, 31, 41
Suppose -6 = -3*o, 7*o + 32 = 5*c + 3*o. Suppose c*l = 6*l + 204. Suppose -3*s = 6, -5*s + l = r - 71. What are the prime factors of r?
3, 61
Suppose 3 + 20 = 3*r - 2*m, 5*r = -2*m + 65. Suppose -n + 0*n = -5*z + 31, -41 = n + 5*z. Let d = r - n. What are the prime factors of d?
47
Let a = 15572 + -163. What are the prime factors of a?
19, 811
Let j(v) = 45*v**2 + 48*v + 64. List the prime factors of j(-11).
17, 293
Let f = -86838 - -146288. Suppose 28*q - 78*q + f = 0. What are the prime factors of q?
29, 41
Let c(h) = -h**2 - 15*h + 16. Let a be c(1). Suppose -3*s + 5*r - 2*r = -72, a = 4*r + 20. List the prime factors of s.
19
Let s be 1*(-1 + -3)/(-8)*8. What are the prime factors of 299/2 - (10/s - 3)?
2, 3, 5
Let c(k) = -k. Let g(d) = 10*d + 40. Let n(f) = 8*c(f) - g(f). Suppose -40 = 15*t - 11*t. What are the prime factors of n(t)?
2, 5, 7
Suppose -554 = 4*o + 3*u - 1562, -4*u = -16. Let p = o + 111. What are the prime factors of p?
2, 3, 5
Suppose 4*g - 24 = -3*d, 11 = 3*d - g + 2. Suppose 2*y - m = -7, -2*y + 9*m - d*m - 19 = 0. What are the prime factors of 78 + 1*(24/y)/4?
3, 5
What are the prime factors of -3 + 90*53679/116 + 5/2?
41647
Let r(u) = 1426*u + 9. Let y be r(1). Suppose 31*j - 4827 = y. List the prime factors of j.
2, 101
What are the prime factors of ((-40)/130)/(11/(-266981))?
2, 1867
Suppose 3*n - 449 = -3*x + 2*x, -2*x + 600 = 4*n. Let i = -198 - -250. Let b = n - i. What are the prime factors of b?
97
Let x(z) = z**3 + 5*z**2 + 2. Let g be x(-5). List the prime factors of -794*(g - 3) + 3 + -1.
2, 199
List the prime factors of (24 + 120657/74)/(1*3/26).
13, 1103
Let s(z) = z**2 - 6*z + 5. Let g be s(6). Suppose g*b - 30 = -15. Suppose b*t = -t + 280. What are the prime factors of t?
2, 5, 7
Suppose -115 = 3*q + 2*q. Let g = -19 - q. Suppose 5*o - 73 = o - i, -g*o = -5*i - 67. What are the prime factors of o?
2, 3
Let q be (8 + (-252)/30)*-10. Suppose q*j - 1730 = 562. What are the prime factors of j?
3, 191
Let c be (315/6)/(-7)*(-4)/6. Suppose 4*i - b - 1229 = -i, 989 = 4*i + c*b. What are the prime factors of i?
2, 3, 41
Suppose 63*j = 71*j - 16. Suppose -3*u + 1636 + 2181 = j*y, 4*u = y + 5082. What are the prime factors of u?
31, 41
Let z be 6/(-1 + 8/10). Let c = 33 + z. What are the prime factors of 2*17/c*3?
2, 17
Let a(v) = 174*v**3 + 4 - 3*v + 92*v**3 + 246*v**3. What are the prime factors of a(1)?
3, 19
What are the prime factors of (45601/62)/(0 - 4/(-56))?
7, 1471
Su